o?
2
Let l be 3 - 6 - -4 - -2. Suppose 0 = -3*r - 3*k + 6, -5*k = 4*r - l - 0. Suppose -4*s + r + 5 = 0. What are the prime factors of s?
3
Let j = 9 + -6. Suppose -2*h - 7 - 53 = -3*u, -j*u + 60 = 5*h. What are the prime factors of u?
2, 5
Let o be 48/18 + 1/3. Suppose -2 + 14 = 3*f, m - 25 = -o*f. What are the prime factors of m?
13
List the prime factors of (-175)/21*(2 - 5).
5
Suppose -4*b - 3*d - 320 = -4*d, 4*b = -2*d - 320. Let s = -40 - b. What are the prime factors of s?
2, 5
Suppose 10*h = -2*c + 5*h + 54, 3*h - 80 = -4*c. Suppose -3*p = 10 + c. What are the prime factors of ((-1)/1)/(3/p)?
3
Let v(f) = -f**2 - 6*f - 4. Let h = -4 - -1. What are the prime factors of v(h)?
5
Suppose -2*a + 62 = a - 2*h, 5*h = 4*a - 92. Suppose 2*x = 5*x - a. List the prime factors of x.
2, 3
Suppose -146 = -5*i + 3*i. What are the prime factors of i?
73
What are the prime factors of (32/(-12))/4*-54?
2, 3
List the prime factors of 1/2*0 + (-1204)/(-14).
2, 43
Let y be 3 + 6/(0 - -1). Let t(h) = -h**2 + 8*h - 1. Let b be t(y). Let a = 25 + b. What are the prime factors of a?
3, 5
Let f(m) = 3*m**3 + 3*m**2 + m. Let u be f(-2). Suppose 2*z = -i + 30, 2*z - 1 - 5 = 0. Let r = i + u. List the prime factors of r.
2, 5
Let k be (-2 + 5/2)*4. Let x(t) = 7*t**2 - t - 1. List the prime factors of x(k).
5
Let l = -48 + 93. Suppose 10*v - l = 5*v. List the prime factors of v.
3
Suppose 3 + 52 = -5*j. List the prime factors of 2 + (-1 - j - -2).
2, 7
Let n = 205 + -117. List the prime factors of n.
2, 11
Let x be ((-1)/(-1))/((-3)/(-30)). Let q(j) = j**2 - 11*j + 14. Let g be q(x). What are the prime factors of 100/8 - (-2)/g?
13
Suppose -2*u + 23 - 5 = 0. Let x = -14 + u. List the prime factors of (7/x)/(1/(-5)).
7
Suppose 5*c + 15 = 100. What are the prime factors of c?
17
Let v be (5/2)/((-2)/(-4)). Suppose -163 = -2*g + 2*r + 27, v*g + 3*r = 499. Suppose 0 = z + 4*q - 32, g = 8*z - 4*z + q. List the prime factors of z.
2, 3
Suppose 2*q - 7 = 3. Let l = q + -9. Let d(n) = -3*n - 2. List the prime factors of d(l).
2, 5
Let c be ((-3)/(-4))/(4/(-32)). Let o(w) be the first derivative of -w**3/3 - 4*w**2 - 9*w - 1. What are the prime factors of o(c)?
3
Let x(q) = -q**2 - 5*q + 3. Suppose -4*i + 0 + 8 = 0. Suppose -18 = 3*h - 2*s + 4*s, -h = -i*s - 2. What are the prime factors of x(h)?
7
Suppose 5*k = i - 4, -5*i = -0*k + 2*k - 20. Suppose -i*b - 2*n = -0*b - 60, -16 = -4*n. Suppose 2*d = 3*d - b. What are the prime factors of d?
13
Let o(g) = g**3 + 0 + 12*g**2 + 6 - 4*g**2. Let l be 136/(-16) + (-2)/(-4). What are the prime factors of o(l)?
2, 3
Suppose -3*y = -6*y + 90. List the prime factors of y.
2, 3, 5
Suppose 4*m - 245 = -101. Suppose p - m = -3*p. What are the prime factors of p?
3
Suppose 4*a + 7 = 75. Let b = a - 43. Let z = -18 - b. What are the prime factors of z?
2
What are the prime factors of 1/(-3)*-9 - -46?
7
Suppose -3*z - 3 = -5*r, -4*r + 0*r - 3 = 3*z. Suppose t - u + r*u - 5 = 0, 4*t = -5*u + 29. List the prime factors of t.
2, 3
Suppose -3*u = -d + 17, -4*u - 63 = -d - 4*d. Suppose 4*j - 20 = -2*q, 5*q + 1 - d = 0. What are the prime factors of j?
2
Let s = 0 - -1. Let j(n) = 13*n**2 + 2*n - 1. What are the prime factors of j(s)?
2, 7
Suppose -4*m = 3*z - 43, 2*z - m - 41 = -3*z. What are the prime factors of z?
3
Let d(f) = 3 + f**2 + 5*f - 4*f + 0. Let o be d(0). Suppose 0 = -2*n + o*n - 11. List the prime factors of n.
11
Let p = 124 + -67. List the prime factors of p.
3, 19
Suppose -24 = 2*u + 3*x, -5*u + 4*x - 60 = 2*x. List the prime factors of 5/2*u/(-10).
3
List the prime factors of ((-2)/(-3))/(5/240).
2
Suppose 4*t = 5*a + 1032, 2*a + 4*t = -t - 393. What are the prime factors of 2/(-2) + a/(-6)?
3, 11
Suppose 2*t = -2*d + 170, 4*t - 335 = -5*d + 6*d. What are the prime factors of t?
2, 3, 7
Suppose 42 = f - 0. Suppose -34 = -w - 2*b + 2, -w - 4*b = -f. List the prime factors of w.
2, 3, 5
Let q(w) = -2*w + 0*w + 2*w - w**3 - 1 + 4*w**2. Let t be q(4). What are the prime factors of (6/(-8) + t)*-4?
7
What are the prime factors of (-5 - -4) + (-55)/(-1)?
2, 3
Suppose -3*y + 3*s - 4 - 8 = 0, 8 = -2*y + s. Let a(i) = -i**3 - 3*i**2 - 2*i. List the prime factors of a(y).
2, 3
Let m(l) = -2*l - 4. Let o be m(-4). Suppose -2*k - 72 = -o*k. List the prime factors of k.
2, 3
List the prime factors of (4 + (-1)/(-1))*(-1 - -48).
5, 47
Let s(u) = -2*u**2 + 2*u. Let h be ((-2)/(-4))/((-1)/6). Let y(n) = n**2 - n + 1. Let j(q) = h*y(q) - 2*s(q). What are the prime factors of j(-3)?
3
Let n = -1 - 9. Let f = -22 - -43. Let h = n + f. What are the prime factors of h?
11
Suppose -x = -2*g - 3, 3*x = g + 11 + 13. Suppose -2*f + x = 5*v, 2*v = 4*f + v - 29. Suppose -1 - f = -2*q. What are the prime factors of q?
2
Let w = -4 - -9. Suppose 0*k + w = k. What are the prime factors of k?
5
Let b(r) be the third derivative of -r**4/6 + 5*r**3/6 - 3*r**2. What are the prime factors of b(-7)?
3, 11
Let i = 53 - -23. List the prime factors of i.
2, 19
Let z = -6 - 8. Let a be ((-18)/8)/3 + 55/(-44). List the prime factors of -1 + a + 4 - z.
3, 5
Let d = 193 + -118. What are the prime factors of d?
3, 5
What are the prime factors of (-3)/9*51*-1?
17
Suppose -2*u = 3*u + 5. Let f be ((-11)/(-33))/((-2)/(-18)). Let x = f + u. List the prime factors of x.
2
Let d = 63 - -41. What are the prime factors of d?
2, 13
Let j(u) be the third derivative of 4*u**2 - 7/24*u**4 + 0*u + 0 + 1/6*u**3. What are the prime factors of j(-2)?
3, 5
Let t be -2*(-1 + 31/2). What are the prime factors of t/(-2)*10/5?
29
Suppose -2*q + 17 = -1. What are the prime factors of q?
3
Let q be 2*(36/8)/(-9). Suppose z + 4*z + 10 = 2*s, 3*s + 2*z - 53 = 0. Let n = q + s. List the prime factors of n.
2, 7
Let y = 53 + -37. What are the prime factors of y?
2
Suppose -2*z - 2*z = -148. List the prime factors of z.
37
Let w be 2/(10/(-4) - -2). Suppose x + 2*o + 0*o = 20, -4*o - 32 = -x. What are the prime factors of (-30)/w*x/15?
2, 3
List the prime factors of -7*12/(1 + -5).
3, 7
Let d(q) be the third derivative of q**5/60 + q**4/4 + q**3/3 - 3*q**2. Let j be d(-6). Suppose 3 = i - j. List the prime factors of i.
5
Let m(f) = 58*f**3 + f**2 - 5*f + 5. List the prime factors of m(1).
59
Suppose -4*o + 3 = -3*n - 16, 0 = 2*n + 2*o + 8. Let y = n - 3. Let g = 2 - y. List the prime factors of g.
2, 5
Suppose 3*c - 19 = 8. Suppose 0 = 2*n + c - 25. Suppose -22 = -2*l - n. What are the prime factors of l?
7
Suppose -5*h + 3*h + 300 = 0. List the prime factors of h.
2, 3, 5
Suppose -28 + 9 = 2*a + 3*f, 10 = -2*f. Let q = 4 + a. What are the prime factors of q?
2
Suppose 2*q = 8, 5*q + 15 + 5 = 4*n. Suppose 9*m - 4*m = n. What are the prime factors of 1/((-3)/(-21)) - m?
5
Suppose 5*v - 2*g = 17 + 24, -v - 5 = 4*g. Let f(n) = n**2 - 7*n + 8. List the prime factors of f(v).
2
Let k(z) = 3 + z**3 - 9*z**2 + 10*z - 4 - 7 + 1. What are the prime factors of k(8)?
3
Let v = -11 + 6. Let j be 3 - 4 - 1*v. Suppose 33 = j*w - w. List the prime factors of w.
11
Suppose u = -4*u + 15, 5*l = -5*u. Suppose 29 = 5*v - 11. Let j = v - l. What are the prime factors of j?
11
Let b = 93 + -63. Suppose -19 = -5*a + 16. Suppose 0 = 4*h - a*h + b. List the prime factors of h.
2, 5
Let b(f) = 16*f**2 + 3*f + 16. What are the prime factors of b(-3)?
151
Suppose -4*b + b + 12 = 0, 0 = d + b + 3. Let w(x) = x**2 + 6*x + 8. Let s be w(d). Suppose -1 = -4*v + s. What are the prime factors of v?
2
Suppose 0 = -2*d + 3 + 21. List the prime factors of d.
2, 3
Suppose 0*f = 3*f. Suppose -4*g = -f*g - 28. List the prime factors of g.
7
Let m(p) be the first derivative of -p**2/2 + 4*p - 2. Let j be m(4). Suppose -q + 6 = 4*x, -5*q - 3*x + 13 = -j*q. What are the prime factors of q?
2
Suppose 23 = 2*n + 3*l, 3*n = -0*l + 4*l + 60. Suppose -4*p + 15 + 101 = 0. Let u = p - n. List the prime factors of u.
13
Let g = -2 + 3. Let q = 9 + g. List the prime factors of q.
2, 5
Suppose -9 - 1 = h - 5*n, 6 = 2*n. Let f = h + -2. Suppose 0*x + f*x - 33 = 0. What are the prime factors of x?
11
Let c(m) = -m - 11. Let h be c(-8). Let n = 1 - h. List the prime factors of n.
2
Let z be 3/9 - 19/3. Let c = 8 + z. Suppose -2*j - c = 2*a - 22, -5*a + 51 = 4*j. List the prime factors of a.
11
Let p = -49 - -96. What are the prime factors of p?